*w**2 - 2*w - 5. What is m(p)?
7
Let f(d) be the first derivative of d**4/12 + 7*d**3/6 + 3*d**2/2 + 11*d - 4. Let m(b) be the first derivative of f(b). Determine m(-5).
-7
Let m(u) = 14 + 83*u**2 - 4 - 81*u**2 + 5*u. Calculate m(0).
10
Let f(h) = -h + 31. Let a be f(10). Suppose -4*q - a = y + q, q + 5 = 0. Let d(t) = t - 5. What is d(y)?
-1
Let u(g) = 19*g - 1. Suppose 22*b = 30*b - 8. What is u(b)?
18
Let z(i) = 3*i + 39 + 3*i - 4*i - 40. Calculate z(-10).
-21
Let i(o) = 6*o**2 + 5*o - 28. Let u(v) = -7*v**2 - 6*v + 29. Let j(n) = 6*i(n) + 5*u(n). What is j(0)?
-23
Let g(f) = f**2 - 9*f + 16. Let u be g(5). Let w(x) = x**3 + 6*x**2 + 7*x - 8. Give w(u).
-4
Let r(t) = -49*t - 5. Let b(v) = 45*v + 4. Let p(n) = -6*b(n) - 5*r(n). Suppose 0 = 3*f - 3*h + 7*h + 19, -4*h - 20 = 4*f. Calculate p(f).
26
Let q = 2 + -17. Let i be (-3 - q/3)*1. Let v(m) = 2*m**i + 4*m + m**2 + m**2 - 1 - 3*m**2. Determine v(-3).
-4
Suppose 3*k + 2*v = -3 - 2, -k + 5*v + 4 = 0. Let l(x) = -x - 4*x**2 - 2*x**2 + x**2. Determine l(k).
-4
Let j(p) be the second derivative of p**5/20 + 5*p**4/6 + 7*p**3/6 - 6*p**2 + 2014*p. Suppose 5*h + 3 = -7, -4*k + h - 34 = 0. Give j(k).
6
Let v(s) be the third derivative of 1/3*s**3 - 1/24*s**4 + 1/60*s**5 + 0 + 0*s - 2*s**2. Let m be (-15)/(-30)*0/(-3). Determine v(m).
2
Suppose b - 12 = -4*t - 2*b, 2*t + 4*b = 6. Let x(u) = -2*u - 2*u + 1 + u**t - 2 - 2 + 2*u**2. Determine x(-3).
0
Let x(q) = 3*q**2 + 2*q - 2. Let a(w) = w**2. Let b(y) = 2*a(y) - x(y). Let l = -1 + 2. Let v = l - 4. What is b(v)?
-1
Let f(y) = -13*y**2 + 9*y - 2. Let j(a) = 3*a**2 - 2*a. Let t(k) = 2*f(k) + 9*j(k). Calculate t(0).
-4
Let c(p) = p**3 - p + 21. Suppose -2*y - 20 = 5*u, -4 = 8*y - 9*y + u. Calculate c(y).
21
Let s(g) = g**3 + g**2 + 5*g - 3. Let m be -15 + 0 + (-1485)/(-135). Give s(m).
-71
Let y = 155 + -153. Let q(a) be the first derivative of -2/3*a**3 + 1 - 2*a + 2*a**2. Calculate q(y).
-2
Suppose 4*u - 5*m = -35, -7*u + 8*u - 5*m = -5. Let k(j) = j + 3. Determine k(u).
-7
Let f(w) be the second derivative of w**5/20 + w**4/6 - w**3 - 3*w**2 - w + 3. Determine f(-3).
3
Let z(r) = -r + 4. Suppose 30 - 78 = 8*o. Let a be (-2 - o)/((-3)/(-3)). What is z(a)?
0
Let i(v) be the third derivative of -5*v**4/24 + 5*v**3/2 + 138*v**2 + 2*v. Calculate i(4).
-5
Let q(d) be the second derivative of -d**4/12 - 7*d**3/2 + 21*d**2/2 - 221*d. What is q(-22)?
-1
Suppose 0*l - 4*l = 0. Let b(t) = 5*t + 2*t**2 + t**3 - 2*t + l*t + 3. Suppose 0 = -11*x - 14*x - 50. Determine b(x).
-3
Let i = 15 - 12. Suppose -2*y - 200 = i*y. Let n be (3/6)/((-5)/y). Let r(l) = l**3 - 4*l**2 - 2*l + 1. Calculate r(n).
-7
Let o(x) = -4*x - 2. Suppose -60 = 15*y - 21*y. Suppose -5*m = 4*n + 56, -5*m + m - 51 = -3*n. Let a = m + y. Calculate o(a).
6
Let l(o) = -34*o**2 + 8*o**3 - 36*o**2 - 5*o**3 + 71*o**2 + 14*o**3. Determine l(-1).
-16
Let g(j) = -3 + 7 - 6*j + j**3 + 3*j + 2*j - 3*j**2. Let b(u) = -u**3 + 8*u**2 + 23*u - 27. Let y be b(10). Determine g(y).
1
Let b be 18 - (5/1 - 2). Suppose g - 3 = 0, 2*q + 2*g + g - b = 0. Let n(y) = y - 4. Determine n(q).
-1
Let p(b) = -b**3 + b**2. Let k(x) = -7*x**3 + 14*x**2 - 9*x + 9. Let w(n) = -k(n) + 6*p(n). Calculate w(6).
-27
Let f(c) = -c - 1. Let s be 91/28 + (-2)/8. Suppose 1 = -x - s. What is f(x)?
3
Let q(r) = -r - 1. Let h be 1*(-3)/2*-2. Let k be -6 + h/(-9)*-6. Calculate q(k).
3
Suppose -4 = 5*t - 54. Let w = 6 - t. Let o(u) = 6*u**3 + 4*u**2 + 2*u + 2. Let i(v) = 5*v**3 + 4*v**2 + v + 1. Let d(g) = -5*i(g) + 4*o(g). What is d(w)?
-9
Let w(c) be the first derivative of 2*c**2 - 7/24*c**4 + 0*c - 3/2*c**3 - 1/60*c**5 + 3. Let h(r) be the second derivative of w(r). Calculate h(-6).
-3
Let j = -911 - -915. Suppose -5*v = -15 - 0. Let c(f) = 2*f**2 - 5 + 6*f + j*f**2 + f**v - 11*f - 3*f**2. What is c(-4)?
-1
Let f(h) = -h**3 - 5*h**2 + 9*h + 14. Suppose -152*r + 154*r = 2*o + 18, -o - 15 = -3*r. What is f(o)?
-4
Let i(p) = -2*p**3 - p**2 - p. Let x(m) = 7*m**3 - 2*m**2 - 2*m - 2. Let z(k) = -2*i(k) - x(k). Give z(-2).
34
Let q(c) be the third derivative of -c**5/120 + c**4/6 - 7*c**3/2 + 17*c**2. Let v(p) be the first derivative of q(p). What is v(2)?
2
Let c be (-4)/(-6)*(-3 + 75). Let d(w) = -2*w**2 + 46*w**3 - 2*w**2 - 4*w - c*w**3 - 2. Give d(-2).
6
Let m(b) = -b**3 - 11*b**2 - 9*b + 7. Suppose -17*x + 21*x = -2*s - 36, 4*x + 16 = 0. Give m(s).
-3
Let w be (-103 + 100)*(1 + 1). Let g(z) = z + 3. Give g(w).
-3
Let v be 430/8 + 22/88. Let m = -48 + v. Let h(f) = f**2 - 6*f + 3. Determine h(m).
3
Let l(m) = m**2 - 15. Let a be 0/(4/(-6) - 10/30). Calculate l(a).
-15
Let c(k) = -2*k - 4. Let y be c(-3). Suppose 38 = -0*m + y*m. Let r(a) = -1 - m*a**2 + 17*a**2 - 4*a + 0*a**3 + a**3. Give r(3).
-4
Let y = -2 + 4. Let u(z) = 3*z**3 - 7*z**2 - 102*z - 3. Let f(w) = w**3 - 2*w**2 - 29*w - 1. Let l(q) = -7*f(q) + 2*u(q). Calculate l(y).
-9
Let n be (-10 - -1)*1/3. Let p(o) be the first derivative of -7/2*o**2 - o - 1/3*o**3 - 2. Give p(n).
11
Let k = 296 + -291. Let f(t) = t**2 - 6*t - 7. Calculate f(k).
-12
Let a(d) = -d**2 - 4*d + 6. Let t be (123/13)/3 - (-14)/(-91). Suppose 0 = -2*y - 7 - t. Give a(y).
1
Let p(n) = 16*n**2 - 224*n - 9. Let x be p(14). Let v(b) = -5*b - 11. What is v(x)?
34
Let g(l) be the first derivative of l**4/4 + l**3/3 + 2*l**2 - 4*l + 771. What is g(2)?
16
Let x be (-4)/12*(1 - 28). Let h(g) = g**3 - 8*g**2 - 8*g + 2. Calculate h(x).
11
Suppose 3*d - 2*v = 13 - 3, 3*v = -2*d + 11. Suppose -2*i + 19 = x, -d*i + 22 = -3*i + 3*x. Let f(t) = -t + 8. Give f(i).
1
Let n(y) = -y + 3. Let c(z) = -1. Suppose -2*g - 2 - 10 = 0. Let j(p) = g*c(p) - n(p). Suppose 2*q + 4 = -4. Calculate j(q).
-1
Let s(w) = w - 7. Let m be 4/((-40)/(-74)) - 38/95. Let n(h) = -h - 3. Let j be n(-5). Suppose 4*a - 28 = j*u, 2*a - 5*u = m*a - 20. Determine s(a).
-1
Let u(f) be the first derivative of f**3/3 - f**2/2 - 4*f + 11. Let g(y) = -3*y**2 + 4*y + 12. Let q(m) = -2*g(m) - 7*u(m). What is q(0)?
4
Let k(q) = q**2 + 4*q + 3. Let h(r) = 12 + 72*r**2 - 145*r**2 - 6*r + 72*r**2. Let j be h(-8). What is k(j)?
3
Let k(t) = t**2 - t - 6. Let v be 9/4 - 42/(-56). Suppose 5*f = f + v*f. Give k(f).
-6
Let k(h) = 3*h**3 - 18*h**2 + 18*h - 33. Let n(f) = 2*f**3 - 9*f**2 + 9*f - 17. Let t(i) = 3*k(i) - 5*n(i). Suppose -40 = 308*b - 304*b. Give t(b).
-4
Suppose 63*w - 64*w = -65. Let f = 57 - w. Let q(a) = a**3 + 9*a**2 + 9*a - 1. What is q(f)?
-9
Let h(y) = -24*y**3 - 24*y**2 + 6*y + 5. Let i(q) = -47*q**3 - 44*q**2 + 11*q + 9. Let n(j) = -11*h(j) + 6*i(j). Let p = 11 - 8. Let f = p - 2. Determine n(f).
-19
Suppose 1 = 4*m - 11. Let o(f) = f**2 - 5*f - 1. Give o(m).
-7
Let l(b) = 4*b - 81. Let d(f) = 2*f - 39. Let g(k) = 13*d(k) - 6*l(k). Give g(13).
5
Let v(n) = n**3 - 4*n**2 + n - 2. Let q be v(4). Suppose -y - u + 12 = q*u, 4*y = 4*u. Let d(h) = 3*h**2 + 0*h + h - 2 + 2*h - 1 - h**y. Calculate d(3).
6
Let t(b) = -4*b**2 - 3*b - 1. Let l = -388 - -386. Determine t(l).
-11
Suppose -5*q + 8 = 3. Let x(h) = -8*h + 17*h + q - 8*h. Let p(o) = -4*o - 7. Let a(w) = p(w) + 6*x(w). What is a(2)?
3
Let o = 8 - 3. Let a be 3*(-16)/12 - -5. Let d(i) = i**3 + 7*i - 4*i**2 - 2 - a - 2*i**2. Calculate d(o).
7
Suppose 126*q + 34 = 109*q. Let m(z) = -2*z**3 + 2*z - 1. Calculate m(q).
11
Suppose 15*t + 20 = 19*t. Suppose 0 = -t*l + 5 + 25. Let a(i) = 0 + 2*i**2 + 4*i - l + 5. Determine a(-4).
15
Let l(f) = -f**3 - 4*f**2 + f + 2. Let z be l(-4). Let i(p) be the first derivative of p**2/2 + 84. Give i(z).
-2
Let y(t) = -t**2 + 5*t + 5. Suppose 0 = -3*a + 5*i - 6, 8*a + 5*i + 8 = 4*a. Calculate y(a).
-9
Let n(r) = r**3 - 6*r**2 - 7*r. Let d be n(7). Let o(q) = -7*q - 10 - 1 + 8*q. What is o(d)?
-11
Suppose -4*i - 16 = 24. Let b(t) = 11*t**2 + 10*t - t**2 - 4 + 3*t**2 - 4*t**2 - 8*t**2. Calculate b(i).
-4
Let u(x) = x - 2. Let r be u(8). Let z = 0 + r. Let w(v) = 4 + z*v + 4*v**2 - 3*v**2 + v. Determine w(-5).
-6
Let s(c) = -6*c**2 + 2 + 3*c + c**3 - 19*c**2 + 19*c**2. What is s(5)?
-8
Let g(t) = t + 6. Let u(w) = -3*w + 69. Let n be u(21). Let f(z) = z**2 - 12*z + 36. Let h be f(n). Determine g(h).
6
Let b(g) be the first derivative of -3*g**2/2 - 12*g - 28. Let h(r) = 4*r + 13. Let m = 3 + -1. Let n(o) = m*h(o) + 3*b(o). Calculate n(-6).
-4
Let y(w) be the third deri